{"id":648,"date":"2015-10-07T01:47:37","date_gmt":"2015-10-07T01:47:37","guid":{"rendered":"http:\/\/wordpress.templaza.net\/wp-maniva\/meetup\/?page_id=648"},"modified":"2015-10-07T01:47:37","modified_gmt":"2015-10-07T01:47:37","slug":"contact","status":"publish","type":"page","link":"https:\/\/universitedeguerison.org\/?page_id=648","title":{"rendered":"Contact"},"content":{"rendered":"<div class=\"wpb-content-wrapper\"><p>[vc_row css=&#8221;.vc_custom_1469094419807{padding-top: 0px !important;padding-bottom: 0px !important;}&#8221;][vc_column css=&#8221;.vc_custom_1450235262396{padding-top: 0px !important;padding-right: 0px !important;padding-left: 0px !important;}&#8221;]\r\n    <header class=\"tz-headerHome tz-homeType1  tz-homeTypeRelative    \" data-option=\"1\">\r\n\r\n        <div id=\"Tz-provokeMe\">\r\n\r\n                                <div class=\"tz_meetup_header_option\">\r\n                        <div class=\"container\">\r\n                            <div class=\"row\">\r\n\r\n                                \r\n                                    <div class=\"col-lg-6 col-md-6 col-sm-12 col-xs-12\">\r\n                                        <div class=\"tz_meetup_header_option_phone\">\r\n\r\n                                            \r\n                                                \r\n                                                    <span>\r\n                                                        \r\n                                                            <img decoding=\"async\" src=\"https:\/\/universitedeguerison.org\/wp-content\/themes\/maniva-meetup\/images\/phone.png\"\r\n                                                                 alt=\"phone\">\r\n\r\n                                                        \r\n\r\n                                                        +44 40 8873432\r\n                                                    <\/span>\r\n\r\n                                                \r\n                                                \r\n                                                    <span>\r\n\r\n                                                         \r\n                                                             <img decoding=\"async\" src=\"https:\/\/universitedeguerison.org\/wp-content\/themes\/maniva-meetup\/images\/email_meetup.png\"\r\n                                                                  alt=\"email\">\r\n\r\n                                                         \r\n\r\n                                                        <a href=\"mailto:info@maniva.com\">\r\n\r\n                                                            info@maniva.com                                                        <\/a>\r\n                                                    <\/span>\r\n\r\n                                                \r\n                                            \r\n                                        <\/div>\r\n                                    <\/div>\r\n\r\n                                \r\n                                \r\n                                    <div class=\"col-lg-6 col-md-6 col-sm-12 col-xs-12\">\r\n                                        <div class=\"tz-headerRight\">\r\n\r\n                                            <ul><\/ul>\r\n                                        <\/div>\r\n                                    <\/div>\r\n\r\n                                \r\n                            <\/div>\r\n                        <\/div>\r\n                    <\/div>\r\n\r\n                \r\n            <div class=\"tz-header-content\" >\r\n\r\n                                        <div class=\"container\">\r\n                            <div class=\"tzHeaderContainer\">\r\n\r\n                                \r\n                                    <a class=\"pull-left tz_logo\"\r\n                                       href=\"https:\/\/universitedeguerison.org\" title=\"Universit\u00e9 de Gu\u00e9rison 2025\">\r\n\r\n                                        \r\n                                                <img decoding=\"async\" class=\"logo_lager\" src=\"https:\/\/universitedeguerison.org\/wp-content\/uploads\/2015\/10\/logo-21.png \"\r\n                                                     alt=\"Universit\u00e9 de Gu\u00e9rison 2025\"\/>\r\n\r\n                                            \r\n                                    <\/a>\r\n\r\n                                \r\n                                <div class=\"tzHeaderMenu_nav\">\r\n                                    <button type=\"button\" class=\"navbar-toggle collapsed\" data-toggle=\"collapse\"\r\n                                            data-target=\"#tz-navbar-collapse\">\r\n                                        <i class=\"fa fa-bars\"><\/i>\r\n                                    <\/button>\r\n\r\n                                    \r\n                                    \r\n                                            <button class=\"pull-right tz-search\">\r\n                                                <i class=\"fa fa-search\"><\/i>\r\n                                            <\/button>\r\n\r\n                                        \r\n                                    <nav id=\"nav-check\"\r\n                                         class=\"pull-right\"\r\n                                         data-speed-one-page=\"2200\">\r\n\r\n                                        <ul id=\"tz-navbar-collapse\" class=\"nav  navbar-nav collapse navbar-collapse pull-left tz-nav themeple_megemenu\"><li class=\"menu-item menu-item-type-post_type menu-item-object-page menu-item-has-children\"><a href=\"https:\/\/universitedeguerison.org\/?page_id=587\">Speakers<\/a>\n\n\n<ul class=\"sub-menu non_mega_menu\">\n\t<li class=\"menu-item menu-item-type-post_type menu-item-object-page\"><a href=\"https:\/\/universitedeguerison.org\/?page_id=639\">Speakers Sidebar<\/a><\/li>\n<\/ul>\n<\/li>\n<li class=\"menu-item menu-item-type-custom menu-item-object-custom menu-item-has-children\"><a href=\"http:\/\/meetup.templaza.net\/category\/blog\/?type=2\">Blog<\/a>\n\n\n<ul class=\"sub-menu non_mega_menu\">\n\t<li class=\"menu-item menu-item-type-taxonomy menu-item-object-category\"><a href=\"https:\/\/universitedeguerison.org\/?cat=2\">Blog fullwidth<\/a><\/li>\n\t<li class=\"menu-item menu-item-type-post_type menu-item-object-page\"><a href=\"https:\/\/universitedeguerison.org\/?page_id=896\">Blog masory<\/a><\/li>\n<\/ul>\n<\/li>\n<li class=\"menu-item menu-item-type-post_type menu-item-object-page\"><a href=\"https:\/\/universitedeguerison.org\/?page_id=648\">Contact<\/a><\/li>\n<li class=\"menu-item menu-item-type-custom menu-item-object-custom menu-item-has-children\"><a href=\"#\">Plus Gallery<\/a>\n\n\n<ul class=\"sub-menu non_mega_menu\">\n\t<li class=\"menu-item menu-item-type-post_type menu-item-object-page\"><a href=\"https:\/\/universitedeguerison.org\/?page_id=904\">Mirror Grid<\/a><\/li>\n\t<li class=\"menu-item menu-item-type-post_type menu-item-object-page\"><a href=\"https:\/\/universitedeguerison.org\/?page_id=921\">Zumion Grid<\/a><\/li>\n\t<li class=\"menu-item menu-item-type-post_type menu-item-object-page\"><a href=\"https:\/\/universitedeguerison.org\/?page_id=931\">Rolly Grid<\/a><\/li>\n<\/ul>\n<\/li>\n<li class=\"menu-item menu-item-type-post_type menu-item-object-page\"><a href=\"https:\/\/universitedeguerison.org\/?page_id=1248\">Shop<\/a><\/li>\n<li class=\"menu-item menu-item-type-post_type menu-item-object-page menu-item-has-children\"><a href=\"https:\/\/universitedeguerison.org\/?page_id=1022\">Shortcodes<\/a>\n\n\n<ul class=\"sub-menu non_mega_menu\">\n\t<li class=\"menu-item menu-item-type-post_type menu-item-object-page\"><a href=\"https:\/\/universitedeguerison.org\/?page_id=1639\">skill graphics &#038; pricing<\/a><\/li>\n<\/ul>\n<\/li>\n<li class=\"menu-item menu-item-type-post_type menu-item-object-page\"><a href=\"https:\/\/universitedeguerison.org\/?page_id=1132\">Typography<\/a><\/li>\n<li class=\"menu-item menu-item-type-post_type menu-item-object-page menu-item-home\"><a href=\"https:\/\/universitedeguerison.org\/\">Home video<\/a><\/li>\n<li class=\"menu-item menu-item-type-custom menu-item-object-custom\"><a href=\"http:\/\/wordpress.templaza.net\/wp-maniva\/meetup\/home-right-to-left\/?home_layout=rtl\">Home Right to Left<\/a><\/li>\n<\/ul>\r\n                                    <\/nav>\r\n                                <\/div>\r\n\r\n                                \r\n                                        <!-- Form search start -->\r\n                                        <div class=\"tz-form-search\">\r\n                                            <div class=\"container\">\r\n                                                    <form method=\"get\" class=\"searchform\" action=\"https:\/\/universitedeguerison.org\/\">\n        <label class=\"icon-search tziconsearch\">&nbsp;<\/label>\n        <label class=\"assistive-text assistive-tzsearch tzsearchlabel\">Search<\/label>\n        <input type=\"text\" class=\"field Tzsearchform inputbox search-query Tzsearchform\" name=\"s\" placeholder=\"Search...\" \/>\n        <input type=\"submit\" class=\"submit searchsubmit Tzsearchsubmit\" name=\"submit\" value=\"Search\" \/>\n        <i class=\"fa fa-search tz-icon-form-search\"><\/i>\n        <i class=\"fa fa-times tz-form-close\"><\/i>\n    <\/form>\n                                            <\/div>\r\n                                        <\/div>\r\n                                        <!-- Form search end -->\r\n\r\n                                    \r\n                            <\/div>\r\n                        <\/div>\r\n                                    <\/div>\r\n\r\n\r\n            <\/div><!--end class container-->\r\n\r\n    <\/header>\r\n\r\n    \r\n    \r\n    \r\n<div class=\"tz_meetup_breadcrumb\" >\r\n    <div class=\"container\">\r\n        <div class=\"row\">\r\n            <div class=\"col-lg-6 col-md-6 col-sm-12 col-xs-12\">\r\n                <div class=\"tz_meetup_breadcrumb_title\">\r\n                    <h4>Contact<\/h4>\r\n                <\/div>\r\n            <\/div>\r\n            <div class=\"col-lg-6 col-md-6 col-sm-12 col-xs-12\">\r\n                <div class=\"tz_meetup_breadcrumb_content\">\r\n                    <h4>\r\n                        <!-- Breadcrumb NavXT 7.4.1 -->\n<span property=\"itemListElement\" typeof=\"ListItem\"><a property=\"item\" typeof=\"WebPage\" title=\"Aller \u00e0 Universit\u00e9 de Gu\u00e9rison 2025.\" href=\"https:\/\/universitedeguerison.org\" class=\"home\" aria-current=\"page\"><span property=\"name\">Universit\u00e9 de Gu\u00e9rison 2025<\/span><\/a><meta property=\"position\" content=\"1\"><\/span>                    <\/h4>\r\n                <\/div>\r\n\r\n            <\/div>\r\n        <\/div>\r\n    <\/div>\r\n<\/div>\r\n\r\n[\/vc_column][\/vc_row][vc_row css=&#8221;.vc_custom_1469094436936{padding-top: 0px !important;padding-bottom: 0px !important;}&#8221;][vc_column css=&#8221;.vc_custom_1450235274027{padding-top: 0px !important;padding-right: 0px !important;padding-left: 0px !important;}&#8221;][vc_gmaps link=&#8221;#E-8_JTNDaWZyYW1lJTIwc3JjJTNEJTIyaHR0cHMlM0ElMkYlMkZ3d3cuZ29vZ2xlLmNvbSUyRm1hcHMlMkZlbWJlZCUzRnBiJTNEJTIxMW0xOCUyMTFtMTIlMjExbTMlMjExZDI3MDguMDc5Nzk3MTU3MTA1NSUyMTJkLTAuMTMwMDA3NDM2OTcyMzY0NSUyMTNkNTEuNTA3MzQyNzE4Nzc5MjUlMjEybTMlMjExZjAlMjEyZjAlMjEzZjAlMjEzbTIlMjExaTEwMjQlMjEyaTc2OCUyMTRmMTMuMSUyMTNtMyUyMTFtMiUyMTFzMHg0N2Q4YTAwYmFmMjFkZTc1JTI1M0EweDUyOTYzYTVhZGRkNTJhOTklMjEyelRIWERvbTRneEpERHRHNHNJRmJHc01haGJtY2dVWFhodTVGaklFRnVhQSUyMTVlMCUyMTNtMiUyMTFzdmklMjEycyUyMTR2MTQ0NjA5Mjc3MDE0NSUyMiUyMHdpZHRoJTNEJTIyODAwJTIyJTIwaGVpZ2h0JTNEJTIyNTk5JTIyJTIwJTIwYWxsb3dmdWxsc2NyZWVuJTNFJTNDJTJGaWZyYW1lJTNF&#8221;][\/vc_column][\/vc_row][vc_row tz_row_type=&#8221;boxed&#8221; css=&#8221;.vc_custom_1469094444537{padding-top: 119px !important;padding-bottom: 95px !important;}&#8221;][vc_column width=&#8221;4\/12&#8243;]\r\n<div class=\"tz_contact_meet_2\">\r\n    <div class=\"tz_contact_detail_meet\">\r\n        <span class=\"tz_contact_meet_icon\" >\r\n            <i class=\"fa fa-clock-o\" ><\/i>\r\n        <\/span>\r\n        <h4 >\r\n            business hours        <\/h4>\r\n    <\/div>\r\n    <div class=\"tz_meetup_contact_detail\">\r\n        <p>Monday-Friday: 8:00AM-05PM<\/p>\n<p>Saturday: 09:00AM-01:00PM<\/p>\n<p>Sunday: Holiday<\/p>\n    <\/div>\r\n<\/div>\r\n\r\n\r\n<div class=\"tz_contact_meet_2\">\r\n    <div class=\"tz_contact_detail_meet\">\r\n        <span class=\"tz_contact_meet_icon\" style=\"background:#c22d81\">\r\n            <i class=\"fa fa-map-marker\" ><\/i>\r\n        <\/span>\r\n        <h4 >\r\n            office address        <\/h4>\r\n    <\/div>\r\n    <div class=\"tz_meetup_contact_detail\">\r\n        <p>Semona Web Technologies<\/p>\n<p>9315 Circle Drive Street,<\/p>\n<p>Santa Cruz, CA 95060, USA<\/p>\n    <\/div>\r\n<\/div>\r\n\r\n\r\n<div class=\"tz_contact_meet_2\">\r\n    <div class=\"tz_contact_detail_meet\">\r\n        <span class=\"tz_contact_meet_icon\" style=\"background:#e45914\">\r\n            <i class=\"fa fa-envelope\" ><\/i>\r\n        <\/span>\r\n        <h4 >\r\n            email addresses        <\/h4>\r\n    <\/div>\r\n    <div class=\"tz_meetup_contact_detail\">\r\n        <p>info@templaza.com<\/p>\n<p>support@templaza.com<\/p>\n<p>sonlv@templaza.com<\/p>\n    <\/div>\r\n<\/div>\r\n\r\n\r\n<div class=\"tz_contact_meet_2\">\r\n    <div class=\"tz_contact_detail_meet\">\r\n        <span class=\"tz_contact_meet_icon\" style=\"background:#24aab3\">\r\n            <i class=\"fa fa-phone\" ><\/i>\r\n        <\/span>\r\n        <h4 >\r\n            phone numbers        <\/h4>\r\n    <\/div>\r\n    <div class=\"tz_meetup_contact_detail\">\r\n        <p>+1-202-555-0175 &#8211; 180<\/p>\n<p>+1-202-555-0105 &#8211; 120<\/p>\n<p>+1-202-555-0210 &#8211; 220<\/p>\n    <\/div>\r\n<\/div>\r\n\r\n[\/vc_column][vc_column width=&#8221;8\/12&#8243;][contact-form-7 id=&#8221;1357&#8243;][\/vc_column][\/vc_row][vc_row tz_row_type=&#8221;boxed&#8221; parallax=&#8221;content-moving&#8221; parallax_image=&#8221;618&#8243; css=&#8221;.vc_custom_1469094450774{padding-top: 128px !important;padding-bottom: 80px !important;}&#8221; tz_overlay_parallax=&#8221;rgba(84,97,111,0.35)&#8221;][vc_column]\r\n    <div class=\"tz-partner\">\r\n\r\n        \r\n                    <div class=\"tz_partner_prevs_type2 icon icon-arrows-left\"><\/div>\r\n                    <div class=\"tz_partner_nexts_type2 icon icon-arrows-right\"><\/div>\r\n\r\n        \r\n        <div class=\"partner-slider owl-carousel owl-theme\" data-option-column=\"5\"\r\n             data-auto=\"1\" data-loop=\"1\"\r\n             data-rtl=\"0\" data-timout = \"5000\"\r\n             data-transition = \"1000\"\r\n        >\r\n\r\n            \r\n                    <div class=\"tz-partner-item\">\r\n                        <img class=\"owl-lazy\" data-src=\"https:\/\/universitedeguerison.org\/wp-content\/uploads\/2015\/10\/logo-sperk-1.png\" alt=\"\"\/>\r\n                    <\/div>\r\n\r\n            \r\n                    <div class=\"tz-partner-item\">\r\n                        <img class=\"owl-lazy\" data-src=\"https:\/\/universitedeguerison.org\/wp-content\/uploads\/2015\/10\/logo-sperk-2.png\" alt=\"\"\/>\r\n                    <\/div>\r\n\r\n            \r\n                    <div class=\"tz-partner-item\">\r\n                        <img class=\"owl-lazy\" data-src=\"https:\/\/universitedeguerison.org\/wp-content\/uploads\/2015\/10\/logo-sperk-3.png\" alt=\"\"\/>\r\n                    <\/div>\r\n\r\n            \r\n                    <div class=\"tz-partner-item\">\r\n                        <img class=\"owl-lazy\" data-src=\"https:\/\/universitedeguerison.org\/wp-content\/uploads\/2015\/10\/logo-sperk-4.png\" alt=\"\"\/>\r\n                    <\/div>\r\n\r\n            \r\n                    <div class=\"tz-partner-item\">\r\n                        <img class=\"owl-lazy\" data-src=\"https:\/\/universitedeguerison.org\/wp-content\/uploads\/2015\/10\/logo-sperk-5.png\" alt=\"\"\/>\r\n                    <\/div>\r\n\r\n            \r\n                    <div class=\"tz-partner-item\">\r\n                        <img class=\"owl-lazy\" data-src=\"https:\/\/universitedeguerison.org\/wp-content\/uploads\/2015\/10\/logo-sperk-2-2.png\" alt=\"\"\/>\r\n                    <\/div>\r\n\r\n            \r\n                    <div class=\"tz-partner-item\">\r\n                        <img class=\"owl-lazy\" data-src=\"https:\/\/universitedeguerison.org\/wp-content\/uploads\/2015\/10\/logo-sperk-1-1.png\" alt=\"\"\/>\r\n                    <\/div>\r\n\r\n            \r\n                    <div class=\"tz-partner-item\">\r\n                        <img class=\"owl-lazy\" data-src=\"https:\/\/universitedeguerison.org\/wp-content\/uploads\/2015\/10\/logo-sperk-3-3.png\" alt=\"\"\/>\r\n                    <\/div>\r\n\r\n            \r\n                    <div class=\"tz-partner-item\">\r\n                        <img class=\"owl-lazy\" data-src=\"https:\/\/universitedeguerison.org\/wp-content\/uploads\/2015\/10\/logo-sperk-4-4.png\" alt=\"\"\/>\r\n                    <\/div>\r\n\r\n            \r\n                    <div class=\"tz-partner-item\">\r\n                        <img class=\"owl-lazy\" data-src=\"https:\/\/universitedeguerison.org\/wp-content\/uploads\/2015\/10\/logo-sperk-5-5.png\" alt=\"\"\/>\r\n                    <\/div>\r\n\r\n            \r\n        <\/div>\r\n    <\/div>\r\n\r\n    [\/vc_column][\/vc_row]<\/p>\n<\/div>","protected":false},"excerpt":{"rendered":"<p>[vc_row css=&#8221;.vc_custom_1469094419807{padding-top: 0px !important;padding-bottom: 0px !important;}&#8221;][vc_column css=&#8221;.vc_custom_1450235262396{padding-top: 0px !important;padding-right: 0px !important;padding-left: 0px !important;}&#8221;][\/vc_column][\/vc_row][vc_row css=&#8221;.vc_custom_1469094436936{padding-top: 0px !important;padding-bottom: 0px !important;}&#8221;][vc_column css=&#8221;.vc_custom_1450235274027{padding-top: 0px !important;padding-right: 0px !important;padding-left: 0px !important;}&#8221;][vc_gmaps link=&#8221;#E-8_JTNDaWZyYW1lJTIwc3JjJTNEJTIyaHR0cHMlM0ElMkYlMkZ3d3cuZ29vZ2xlLmNvbSUyRm1hcHMlMkZlbWJlZCUzRnBiJTNEJTIxMW0xOCUyMTFtMTIlMjExbTMlMjExZDI3MDguMDc5Nzk3MTU3MTA1NSUyMTJkLTAuMTMwMDA3NDM2OTcyMzY0NSUyMTNkNTEuNTA3MzQyNzE4Nzc5MjUlMjEybTMlMjExZjAlMjEyZjAlMjEzZjAlMjEzbTIlMjExaTEwMjQlMjEyaTc2OCUyMTRmMTMuMSUyMTNtMyUyMTFtMiUyMTFzMHg0N2Q4YTAwYmFmMjFkZTc1JTI1M0EweDUyOTYzYTVhZGRkNTJhOTklMjEyelRIWERvbTRneEpERHRHNHNJRmJHc01haGJtY2dVWFhodTVGaklFRnVhQSUyMTVlMCUyMTNtMiUyMTFzdmklMjEycyUyMTR2MTQ0NjA5Mjc3MDE0NSUyMiUyMHdpZHRoJTNEJTIyODAwJTIyJTIwaGVpZ2h0JTNEJTIyNTk5JTIyJTIwJTIwYWxsb3dmdWxsc2NyZWVuJTNFJTNDJTJGaWZyYW1lJTNF&#8221;][\/vc_column][\/vc_row][vc_row tz_row_type=&#8221;boxed&#8221; css=&#8221;.vc_custom_1469094444537{padding-top: 119px !important;padding-bottom: 95px !important;}&#8221;][vc_column width=&#8221;4\/12&#8243;][\/vc_column][vc_column width=&#8221;8\/12&#8243;][contact-form-7 id=&#8221;1357&#8243;][\/vc_column][\/vc_row][vc_row tz_row_type=&#8221;boxed&#8221; parallax=&#8221;content-moving&#8221; parallax_image=&#8221;618&#8243; css=&#8221;.vc_custom_1469094450774{padding-top: 128px !important;padding-bottom: 80px !important;}&#8221; tz_overlay_parallax=&#8221;rgba(84,97,111,0.35)&#8221;][vc_column][\/vc_column][\/vc_row]<\/p>\n","protected":false},"author":2,"featured_media":0,"parent":0,"menu_order":0,"comment_status":"closed","ping_status":"closed","template":"template-homepage.php","meta":{"footnotes":""},"class_list":["post-648","page","type-page","status-publish","hentry"],"_links":{"self":[{"href":"https:\/\/universitedeguerison.org\/index.php?rest_route=\/wp\/v2\/pages\/648","targetHints":{"allow":["GET"]}}],"collection":[{"href":"https:\/\/universitedeguerison.org\/index.php?rest_route=\/wp\/v2\/pages"}],"about":[{"href":"https:\/\/universitedeguerison.org\/index.php?rest_route=\/wp\/v2\/types\/page"}],"author":[{"embeddable":true,"href":"https:\/\/universitedeguerison.org\/index.php?rest_route=\/wp\/v2\/users\/2"}],"replies":[{"embeddable":true,"href":"https:\/\/universitedeguerison.org\/index.php?rest_route=%2Fwp%2Fv2%2Fcomments&post=648"}],"version-history":[{"count":0,"href":"https:\/\/universitedeguerison.org\/index.php?rest_route=\/wp\/v2\/pages\/648\/revisions"}],"wp:attachment":[{"href":"https:\/\/universitedeguerison.org\/index.php?rest_route=%2Fwp%2Fv2%2Fmedia&parent=648"}],"curies":[{"name":"wp","href":"https:\/\/api.w.org\/{rel}","templated":true}]}}